5?
130
Calculate the remainder when 3841 is divided by 386.
367
Calculate the remainder when 16235 is divided by 477.
17
What is the remainder when 286663 is divided by 145?
143
What is the remainder when 134926 is divided by 1115?
11
What is the remainder when 1364 is divided by 24?
20
Calculate the remainder when 5728 is divided by 5705.
23
Calculate the remainder when 1411 is divided by 1206.
205
Calculate the remainder when 1490 is divided by 124.
2
What is the remainder when 889 is divided by 259?
112
What is the remainder when 20596 is divided by 3426?
40
What is the remainder when 2426759 is divided by 216?
215
What is the remainder when 77615 is divided by 392?
391
Calculate the remainder when 1304 is divided by 5.
4
Calculate the remainder when 38253 is divided by 16.
13
What is the remainder when 1621179 is divided by 114?
99
What is the remainder when 847263 is divided by 638?
637
Calculate the remainder when 126293 is divided by 29.
27
Calculate the remainder when 440 is divided by 112.
104
Calculate the remainder when 108 is divided by 45.
18
What is the remainder when 233973 is divided by 26?
25
What is the remainder when 619 is divided by 21?
10
What is the remainder when 83795 is divided by 466?
381
Calculate the remainder when 154239 is divided by 451.
448
Calculate the remainder when 2011 is divided by 14.
9
Calculate the remainder when 5735 is divided by 1895.
50
Calculate the remainder when 4112 is divided by 340.
32
What is the remainder when 15061 is divided by 13?
7
What is the remainder when 88791 is divided by 29591?
18
What is the remainder when 38505 is divided by 2742?
117
Calculate the remainder when 76080 is divided by 115.
65
Calculate the remainder when 465326 is divided by 3002.
16
What is the remainder when 25625 is divided by 172?
169
What is the remainder when 91790 is divided by 7?
6
What is the remainder when 11092 is divided by 5539?
14
What is the remainder when 13036 is divided by 1080?
76
Calculate the remainder when 6482 is divided by 139.
88
What is the remainder when 109816 is divided by 143?
135
Calculate the remainder when 570062 is divided by 29.
9
What is the remainder when 130661 is divided by 437?
435
What is the remainder when 3035 is divided by 1489?
57
Calculate the remainder when 552836 is divided by 12.
8
Calculate the remainder when 3823 is divided by 483.
442
Calculate the remainder when 32384 is divided by 1298.
1232
What is the remainder when 7938 is divided by 2643?
9
Calculate the remainder when 266631 is divided by 8332.
7
Calculate the remainder when 307 is divided by 10.
7
What is the remainder when 1690023 is divided by 586?
585
Calculate the remainder when 4293 is divided by 17.
9
What is the remainder when 24941 is divided by 2267?
4
What is the remainder when 170879 is divided by 107?
0
Calculate the remainder when 2292 is divided by 454.
22
What is the remainder when 8702 is divided by 2158?
70
What is the remainder when 54458 is divided by 3629?
23
What is the remainder when 54153 is divided by 4917?
66
Calculate the remainder when 8877 is divided by 2957.
6
What is the remainder when 100801 is divided by 16?
1
Calculate the remainder when 3488 is divided by 215.
48
What is the remainder when 7368 is divided by 112?
88
Calculate the remainder when 534183 is divided by 44513.
27
What is the remainder when 137846 is divided by 255?
146
Calculate the remainder when 2634445 is divided by 321.
319
Calculate the remainder when 8414 is divided by 1202.
0
Calculate the remainder when 35680 is divided by 123.
10
Calculate the remainder when 1777304 is divided by 444326.
0
Calculate the remainder when 5781847 is divided by 1402.
1401
Calculate the remainder when 48792 is divided by 142.
86
Calculate the remainder when 1645 is divided by 218.
119
Calculate the remainder when 117 is divided by 66.
51
Calculate the remainder when 28245 is divided by 22.
19
Calculate the remainder when 56097 is divided by 340.
337
Calculate the remainder when 93841 is divided by 25.
16
Calculate the remainder when 33333 is divided by 4761.
6
What is the remainder when 1714 is divided by 127?
63
What is the remainder when 35050 is divided by 3894?
4
What is the remainder when 880163 is divided by 143?
141
What is the remainder when 362521 is divided by 16?
9
Calculate the remainder when 77524 is divided by 9.
7
Calculate the remainder when 33027 is divided by 768.
3
What is the remainder when 306583 is divided by 593?
2
What is the remainder when 97664 is divided by 36?
32
What is the remainder when 12117 is divided by 1514?
5
Calculate the remainder when 73573 is divided by 9.
7
Calculate the remainder when 1158579 is divided by 14.
9
Calculate the remainder when 10859 is divided by 10795.
64
Calculate the remainder when 159996 is divided by 1818.
12
What is the remainder when 293692 is divided by 267?
259
What is the remainder when 55363 is divided by 18?
13
What is the remainder when 9296 is divided by 20?
16
Calculate the remainder when 138325 is divided by 1572.
1561
Calculate the remainder when 104656 is divided by 2682.
58
Calculate the remainder when 3751 is divided by 379.
340
Calculate the remainder when 17838 is divided by 249.
159
What is the remainder when 5645 is divided by 123?
110
What is the remainder when 209239 is divided by 7215?
4
What is the remainder when 23808 is divided by 7919?
51
Calculate the remainder when 9071 is divided by 1469.
257
What is the remainder when 90549 is divided by 264?
261
Calculate the remainder when 434296 is divided by 19.
13
What is the remainder when 601722 is divided by 300861?
0
What is the remainder when 4246 is divided by 22?
0
Calculate the remainder when 5860 is divided by 125.
110
What is the remainder when 159672 is divided by 79833?
6
What is the remainder when 2119 is divided by 45?
4
What is the remainder when 7158 is divided by 3454?
250
What is the remainder when 12750 is divided by 193?
12
Calculate the remainder when 937480 is divided by 673.
664
Calculate the remainder when 16182 is divided by 415.
412
What is the remainder when 22959 is divided by 89?
86
Calculate the remainder when 28396 is divided by 94.
8
What is the remainder when 35019 is divided by 11671?
6
What is the remainder when 857 is divided by 487?
370
Calculate the remainder when 4013 is divided by 29.
11
What is the remainder when 177152 is divided by 968?
8
What is the remainder when 2765 is divided by 259?
175
Calculate the remainder when 43420 is divided by 1138.
176
Calculate the remainder when 20180 is divided by 5037.
32
What is the remainder when 14365 is divided by 316?
145
What is the remainder when 31795 is divided by 53?
48
Calculate the remainder when 5147 is divided by 2514.
119
Calculate the remainder when 144373 is divided by 275.
273
Calculate the remainder when 165722 is divided by 243.
239
Calculate the remainder when 25521 is divided by 25336.
185
What is the remainder when 20490 is divided by 4078?
100
What is the remainder when 2388 is divided by 124?
32
What is the remainder when 3009 is divided by 253?
226
What is the remainder when 599734 is divided by 3725?
9
What is the remainder when 7010 is divided by 22?
14
What is the remainder when 7273 is divided by 1188?
145
Calculate the remainder when 87512 is divided by 48.
8
What is the remainder when 2780 is divided by 66?
8
What is the remainder when 695 is divided by 21?
2
What is the remainder when 29994 is divided by 1883?
1749
Calculate the remainder when 21996 is divided by 110.
106
Calculate the remainder when 22226 is divided by 52.
22
Calculate the remainder when 3794 is divided by 35.
14
Calculate the remainder when 54911 is divided by 18296.
23
Calculate the remainder when 46206 is divided by 459.
306
Calculate the remainder when 90396 is divided by 20.
16
Calculate the remainder when 8759 is divided by 8558.
201
Calculate the remainder when 1325 is divided by 44.
5
What is the remainder when 324128 is divided by 62?
54
Calculate the remainder when 39205 is divided by 33.
1
What is the remainder when 19302 is divided by 128?
102
Calculate the remainder when 42503 is divided by 545.
538
What is the remainder when 11623 is divided by 2316?
43
Calculate the remainder when 783017 is divided